{"id":20,"date":"2024-01-11T22:01:54","date_gmt":"2024-01-11T21:01:54","guid":{"rendered":"https:\/\/coeursatypiques.fr\/?page_id=20"},"modified":"2026-01-07T21:24:45","modified_gmt":"2026-01-07T20:24:45","slug":"tarifs","status":"publish","type":"page","link":"https:\/\/coeursatypiques.fr\/index.php\/tarifs\/","title":{"rendered":"Tarifs"},"content":{"rendered":"\n<p><\/p>\n\n\n\n<p class=\"has-text-align-center has-blush-light-purple-gradient-background has-background\"><strong>Bilan de fonctionnement atypie<\/strong><\/p>\n\n\n\n<p class=\"has-text-align-center\">300\u20ac payable en 1 ou 3 fois<\/p>\n\n\n\n<p class=\"has-text-align-center has-blush-light-purple-gradient-background has-background\"><strong>Ateliers cr\u00e9atifs de d\u00e9charge c\u00e9r\u00e9brale<\/strong><\/p>\n\n\n\n<ul>\n<li>Ateliers collectifs de 4 \u00e0 6 personnes dur\u00e9e 2h         <em>45\u20ac par personne<\/em><\/li>\n\n\n\n<li>Cycle de 4 Ateliers cr\u00e9atifs collectifs de 4 \u00e0 6 personnes dur\u00e9e 2h par atelier         <em>160\u20ac par personne<\/em><\/li>\n\n\n\n<li>Ateliers individuels dur\u00e9e 1h30         <em>75\u20ac<\/em><\/li>\n\n\n\n<li>Pack de 3 Ateliers individuels dur\u00e9e 1h30 par Atelier        <em>210 \u20ac<\/em><\/li>\n<\/ul>\n\n\n\n<p class=\"has-text-align-center has-blush-light-purple-gradient-background has-background\"><strong>Accompagnement individuel face to face<\/strong><\/p>\n\n\n\n<ul>\n<li>S\u00e9ance accompagnement individuel dur\u00e9e 1h          <em>55\u20ac <\/em><\/li>\n\n\n\n<li>Parcours d\u2019accompagnement de 5 s\u00e9ances Clart\u00e9 et apaisement          <em>250\u20ac<\/em><\/li>\n<\/ul>\n\n\n\n<p><\/p>\n\n\n\n<p>Premier \u00e9change gratuit <\/p>\n\n\n\n<p>Un appel d\u00e9couverte de 15 minutes est propos\u00e9 afin de d\u00e9finir ensemble l&rsquo;accompagnement le plus adapt\u00e9 \u00e0 votre situation.<\/p>\n\n\n\n<p><\/p>\n","protected":false},"excerpt":{"rendered":"<p>Bilan de fonctionnement atypie 300\u20ac payable en 1 ou 3 fois Ateliers cr\u00e9atifs de d\u00e9charge c\u00e9r\u00e9brale Accompagnement individuel face to face Premier \u00e9change gratuit Un appel d\u00e9couverte de 15 minutes est propos\u00e9 afin de d\u00e9finir ensemble l&rsquo;accompagnement le plus adapt\u00e9 \u00e0 votre situation.<\/p>\n","protected":false},"author":1,"featured_media":0,"parent":0,"menu_order":0,"comment_status":"closed","ping_status":"closed","template":"","meta":{"om_disable_all_campaigns":false,"_monsterinsights_skip_tracking":false,"_monsterinsights_sitenote_active":false,"_monsterinsights_sitenote_note":"","_monsterinsights_sitenote_category":0,"footnotes":""},"aioseo_notices":[],"_links":{"self":[{"href":"https:\/\/coeursatypiques.fr\/index.php\/wp-json\/wp\/v2\/pages\/20"}],"collection":[{"href":"https:\/\/coeursatypiques.fr\/index.php\/wp-json\/wp\/v2\/pages"}],"about":[{"href":"https:\/\/coeursatypiques.fr\/index.php\/wp-json\/wp\/v2\/types\/page"}],"author":[{"embeddable":true,"href":"https:\/\/coeursatypiques.fr\/index.php\/wp-json\/wp\/v2\/users\/1"}],"replies":[{"embeddable":true,"href":"https:\/\/coeursatypiques.fr\/index.php\/wp-json\/wp\/v2\/comments?post=20"}],"version-history":[{"count":20,"href":"https:\/\/coeursatypiques.fr\/index.php\/wp-json\/wp\/v2\/pages\/20\/revisions"}],"predecessor-version":[{"id":261,"href":"https:\/\/coeursatypiques.fr\/index.php\/wp-json\/wp\/v2\/pages\/20\/revisions\/261"}],"wp:attachment":[{"href":"https:\/\/coeursatypiques.fr\/index.php\/wp-json\/wp\/v2\/media?parent=20"}],"curies":[{"name":"wp","href":"https:\/\/api.w.org\/{rel}","templated":true}]}}